r of i and g?
3
Let f = 12418 - 12370. Calculate the highest common divisor of f and 1968.
48
Suppose -6*g + 155 + 481 = 2*q, -3*g = -5*q + 1698. What is the highest common factor of 624 and q?
48
Let c = 145 + 169. Let x = c + -258. What is the highest common factor of 98 and x?
14
Let h(r) = 34*r**2 - 21*r + 19. Let o(f) = -18*f**2 + 10*f - 9. Let x(g) = -6*h(g) - 13*o(g). Let q be x(1). What is the highest common divisor of q and 319?
29
Let r = 30037 - 20001. What is the greatest common factor of 52 and r?
52
Let g be -3*(5 - (-508)/12)*-1. Suppose -2*k = -4*s - 60 - 4, 5*k = 4*s + g. What is the greatest common factor of k and 130?
26
Suppose 27*d - 144 = 12*d + 7*d. Calculate the highest common divisor of d and 3123.
9
Let w(q) = -q**2 - 15*q - 29. Let k be w(-10). Suppose k*i - 1325 = -275. What is the greatest common divisor of 15 and i?
5
Suppose -4*m + 3*k - 1724 = -7542, -2*m - 3*k + 2900 = 0. Suppose 3*i = 707 + m. Calculate the greatest common factor of i and 80.
80
Let c = 72 - 40. Let m = 34 - c. Suppose -5*a + m*a + 9 = 0. Calculate the greatest common divisor of a and 9.
3
Let j be 70/((-56)/(-4)) - -1081. What is the greatest common factor of 90 and j?
6
Let h be (-12)/150*-3005 - (-36)/(-90). Let v = 37 - 22. What is the highest common divisor of v and h?
15
Let b be (-193 + 3)/(-5) - 3. Let h(w) = -w**2 - 11*w - 6. Let f be h(-5). Let t be ((-42)/f)/(1 + 15/(-12)). What is the greatest common factor of t and b?
7
Let b be ((-27)/(810/2028))/((-5)/25) - -3. Let t be 870/7 - 2/7. Calculate the greatest common divisor of b and t.
31
Let i(w) = 4*w + 75. Let a be i(-10). What is the highest common factor of 215 and a?
5
Let x(v) = -76*v - 2895. Let z be x(-39). Calculate the greatest common divisor of 276 and z.
69
Let v = 12 - 11. Suppose h + 4 = -v. Let u = h + 16. What is the greatest common factor of u and 99?
11
Let u(p) = 3*p**2 - 2*p + 4. Let c(r) = 14*r**2 - 11*r + 22. Let y(h) = -6*c(h) + 33*u(h). Let i be y(1). Calculate the highest common factor of 25 and i.
5
Let k(q) = 9*q**2 + 13*q + 12. Suppose 19*t - 22*t = 12. Let v be k(t). Calculate the highest common factor of v and 130.
26
Let x(q) = 10*q + 77. Let m be x(-7). Suppose 19*b - 132 = m*b. Calculate the highest common divisor of 176 and b.
11
Let o be (((-527800)/42)/29)/(-3 - 75/(-27)). What is the highest common factor of o and 546?
78
Let k(x) = 3*x - 97. Let s be k(28). Let a = s + 49. What is the greatest common factor of 24 and a?
12
Suppose -42 = -16*y + 15*y. Calculate the greatest common divisor of 74 and y.
2
Let p be 2/(-11) - 2004/(-11). Let n be (-8)/(-2)*(-455)/(-130). Calculate the greatest common divisor of n and p.
14
Let q be (13914/(-66) - 1) + (-2)/11. Let d = 268 + q. What is the greatest common factor of 168 and d?
56
Suppose c - 2*c + 20 = 4*z, -5*c + 2*z + 144 = 0. What is the highest common divisor of 1582 and c?
14
Suppose 17 = 5*c - 3. Let s(g) = -27*g - 45. Let y be s(-4). Let z = 71 - y. What is the greatest common factor of z and c?
4
Suppose -4*o + 0 = -28. Let k be -2 - (-28)/(-21)*(0 + -3). Calculate the highest common divisor of k and o.
1
Suppose 0 = -231*q + 219*q + 96. Let a be 48 - 0/(-4) - q. What is the highest common factor of 440 and a?
40
Suppose -3*w = 2*w - 85. Let o = -272 - -81. Let h = o - -327. What is the greatest common divisor of h and w?
17
Suppose 14*u - 11*u = 543. Suppose -180*c = -u*c + 170. Calculate the highest common divisor of 20 and c.
10
Suppose 128*a = 243*a - 125*a + 102060. What is the highest common factor of a and 42?
42
Let i(x) = 240*x**2 + x + 1. Let k be i(-1). Let w = 24 - -6. What is the highest common divisor of k and w?
30
Suppose -5*w - 3*r + 1527 = 507, 2*w = -5*r + 389. Calculate the greatest common factor of 368 and w.
23
Suppose 3*t - 179 - 10 = 0. Let c = 65 - t. Suppose -c*w = -9*w + 392. What is the highest common factor of 7 and w?
7
Suppose 0 = 4*n + 7*b - 175, 2*b + 20 = 6. Suppose 2*a = 1 + 83. Calculate the greatest common divisor of n and a.
14
Let n be -1*1*(11 - 11 - 579). Let v = -543 + n. Calculate the greatest common factor of 54 and v.
18
Let s(v) = 19967*v + 336. Let n be s(1). Calculate the greatest common divisor of 79 and n.
79
Suppose -282 = -6*q - 2*i, 9*q = 5*q + i + 167. Suppose 13 = 3*h - 20. What is the highest common factor of q and h?
11
Let d(w) = w + 5. Let z be d(-4). Let q = 8952 + -8949. Let u be z - (-70)/q - (-7)/(-21). What is the highest common factor of u and 40?
8
Let r(u) = -332*u**3 + 2*u**2 - 308*u - 310. Let w be r(-1). What is the highest common factor of w and 2407?
83
Suppose 3*b + b - 257 = -3*g, 4*b = 3*g - 241. Suppose 15*d + g = 608. What is the highest common divisor of d and 15?
5
Suppose 0 = -3*j - 4*g + 10, -7*j - 3*g - 5 = -6*j. Let k(v) = 146*v + 86. Let a be k(4). What is the highest common factor of j and a?
10
Let d(s) = 27*s**2 + 7*s + 6. Let f(z) = z**2 + 8*z + 14. Let l be f(-3). Let n be d(l). What is the highest common divisor of 598 and n?
26
Suppose -4*x + d = -4136, -2*d - 3121 = -3*x - 6*d. Calculate the highest common factor of x and 230.
115
Let x be ((-4)/(-5))/((-56)/6860). Let d be x/1078 - (-8604)/22. What is the highest common factor of d and 23?
23
Let d = -46 + 49. Suppose -p = 0, -w + 36 = w + d*p. Calculate the highest common divisor of 45 and w.
9
Let c(g) = -2*g**3 - 85*g**2 - 39*g - 188. Let a be c(-45). What is the highest common factor of 148 and a?
148
Let n = -121445 - -171714. Calculate the greatest common factor of 17 and n.
17
Let z be -256*(0 + 9/(-6)). Suppose -b + 7*b - z = 0. Let q be (-25)/(-30)*3*(-1 - -65). What is the highest common divisor of q and b?
32
Suppose -2*y = b - 44, 4*y - b = -5*b + 96. Let q(z) = -5237*z + 20973. Let c be q(4). What is the highest common divisor of y and c?
5
Let r = 11936 + -6606. Calculate the highest common divisor of r and 130.
130
Suppose -1166*f + 1159*f = -5733. Calculate the greatest common factor of f and 42.
21
Let u(r) = -r**3 + 7*r**2 + r - 2. Let p be u(7). Suppose 2*d - 707 = 2*a + a, -5*d - p*a = -1755. What is the greatest common divisor of 44 and d?
44
Let g(y) = 7*y**2 + 42*y + 242. Let x be g(-8). What is the greatest common factor of x and 72?
6
Suppose -127*q + 546 = -121*q. Suppose 12*z - 125 = q. What is the greatest common divisor of z and 27?
9
Let p = -25 + 25. Suppose -9*n + 3*n + 18 = p. Let u be 12/((5/(-20))/(n/(-12))). What is the greatest common divisor of 4 and u?
4
Let d be -2 - (0 + (-4)/(-4))*41. Let c = -43 - d. Let y be (2 + (-6)/(-4) - c)*6. What is the highest common divisor of 147 and y?
21
Suppose -2*q + 13 + 25 = 0. Let t = -28 - -33. Suppose -t*m + 456 = -2*m. Calculate the highest common factor of m and q.
19
Suppose -35*s + 195 = 4*s. Calculate the greatest common divisor of s and 160.
5
Let g(s) = s**3 - 7*s**2 + 2*s - 5. Let n be g(7). Suppose -14*h + 9*h = -1575. Let u = h - 306. Calculate the greatest common factor of u and n.
9
Let z(u) = -62*u + 140. Let c be z(-25). Suppose 86 = 6*h - c. What is the highest common factor of 16 and h?
8
Let v(q) = 3*q**3 - 7*q**2 + q + 13. Let b be v(5). Suppose b + 580 = 19*l. Let g = -55 + 97. Calculate the greatest common divisor of g and l.
42
Let k = 35 - 34. Let z(h) = 10*h - 2 - 14 + 5 - 16. Let w be z(3). What is the greatest common factor of k and w?
1
Let i(z) = -4*z - 1. Let o be i(-11). Suppose -402 = -6*l - 144. Calculate the highest common factor of l and o.
43
Suppose 0 = -9*a + 7*a - 44. Let w be 442/4 + 11/a. Suppose 3*t - 15 = -0*t. What is the greatest common factor of t and w?
5
Suppose 5971 - 34291 = -32*x. Calculate the highest common factor of x and 5.
5
Let i(q) = 30*q**2 - 2*q + 3. Let v be i(-2). Suppose 53 = -4*x - v. Let r = x - -51. What is the greatest common divisor of r and 30?
6
Let h(d) = -d**3 - 7*d**2 - 9*d + 8. Let t(f) = -f - 3. Let y be t(2). Let m be h(y). What is the highest common divisor of 57 and m?
3
Suppose 5*u - 127 = 148. Suppose 0 = -2*z + x + 236, -3*z + x + 0*x = -352. Let g = z + -111. What is the highest common factor of g and u?
5
Let o be (-578)/(-68) - 2/4. Calculate the highest common factor of o and 928.
8
Let n be 61 - (108/(-9))/(-4). Let i(j) = 2*j**3 - 11*j**2 + 7*j + 7. Let z be i(7). Calculate the highest 